eatest common factor of 23 and 1840?
23
Calculate the greatest common divisor of 162 and 2592.
162
Calculate the highest common factor of 399 and 483.
21
Calculate the highest common divisor of 288 and 36.
36
Calculate the greatest common factor of 540 and 630.
90
What is the highest common divisor of 56 and 14?
14
Calculate the greatest common divisor of 201 and 335.
67
What is the highest common divisor of 8 and 84?
4
What is the greatest common factor of 6 and 960?
6
Calculate the greatest common factor of 51 and 21369.
51
What is the greatest common divisor of 765 and 10625?
85
Calculate the greatest common divisor of 2096 and 1703.
131
Calculate the highest common factor of 126 and 18.
18
What is the highest common factor of 49 and 2891?
49
Calculate the highest common factor of 4 and 164.
4
What is the greatest common divisor of 975 and 15925?
325
What is the greatest common factor of 2 and 59?
1
What is the greatest common factor of 18995 and 725?
145
Calculate the highest common divisor of 28 and 175.
7
Calculate the highest common factor of 16 and 512.
16
Calculate the greatest common divisor of 48 and 936.
24
Calculate the highest common factor of 259 and 36260.
259
Calculate the greatest common divisor of 16 and 10.
2
Calculate the highest common factor of 27 and 144.
9
What is the greatest common divisor of 1435 and 455?
35
Calculate the highest common factor of 106 and 90206.
106
What is the greatest common factor of 2 and 34?
2
What is the highest common divisor of 17 and 65399?
17
Calculate the greatest common factor of 37 and 1.
1
What is the highest common divisor of 110 and 70?
10
What is the highest common factor of 10 and 130?
10
Calculate the highest common divisor of 6 and 15.
3
What is the greatest common divisor of 72 and 45?
9
Calculate the highest common divisor of 6 and 4.
2
Calculate the highest common factor of 1786 and 1034.
94
What is the greatest common factor of 6 and 102?
6
What is the highest common factor of 73 and 4?
1
Calculate the greatest common factor of 242 and 88.
22
What is the greatest common divisor of 15 and 3345?
15
What is the highest common divisor of 19195 and 11?
11
Calculate the greatest common divisor of 1800 and 24.
24
Calculate the highest common divisor of 5362 and 14.
14
What is the greatest common divisor of 148 and 851?
37
Calculate the highest common factor of 3497 and 13.
13
Calculate the highest common divisor of 58 and 58.
58
Calculate the highest common divisor of 134 and 14.
2
Calculate the greatest common divisor of 84 and 294.
42
Calculate the highest common factor of 77 and 539.
77
Calculate the greatest common factor of 143 and 104.
13
What is the greatest common divisor of 2681 and 7?
7
Calculate the greatest common factor of 110 and 10.
10
Calculate the greatest common factor of 81753 and 357.
357
What is the highest common divisor of 156 and 273?
39
Calculate the greatest common divisor of 30 and 21.
3
Calculate the greatest common factor of 1308 and 12.
12
What is the highest common factor of 2 and 698?
2
What is the highest common divisor of 4096 and 112?
16
Calculate the greatest common factor of 3322 and 44.
22
What is the greatest common factor of 108 and 675?
27
Calculate the greatest common divisor of 1 and 37.
1
Calculate the greatest common factor of 8 and 73.
1
Calculate the greatest common factor of 22 and 10.
2
What is the highest common divisor of 695 and 3336?
139
Calculate the highest common factor of 19 and 38.
19
What is the highest common divisor of 1665 and 45?
45
What is the highest common factor of 136 and 238?
34
Calculate the highest common factor of 5 and 755.
5
What is the highest common factor of 1083 and 1976?
19
What is the greatest common divisor of 699 and 9?
3
Calculate the greatest common factor of 41 and 779.
41
Calculate the highest common divisor of 27 and 4320.
27
Calculate the greatest common divisor of 33 and 29667.
33
What is the highest common factor of 469 and 7?
7
What is the greatest common factor of 494 and 950?
38
Calculate the greatest common factor of 13 and 377.
13
Calculate the greatest common factor of 92 and 4.
4
Calculate the greatest common factor of 81 and 144.
9
What is the greatest common divisor of 22 and 2354?
22
What is the greatest common divisor of 276 and 96?
12
Calculate the highest common divisor of 2208 and 48.
48
Calculate the greatest common divisor of 329 and 893.
47
What is the greatest common factor of 5 and 9?
1
What is the highest common divisor of 120 and 4665?
15
Calculate the highest common factor of 28 and 26768.
28
What is the highest common divisor of 6 and 16?
2
What is the greatest common divisor of 45626 and 42?
14
What is the greatest common factor of 267 and 445?
89
Calculate the greatest common divisor of 1935 and 15.
15
Calculate the greatest common divisor of 1239 and 354.
177
Calculate the highest common divisor of 28 and 63.
7
Calculate the greatest common divisor of 1576 and 40.
8
What is the greatest common factor of 4725 and 231?
21
Calculate the highest common factor of 178 and 18.
2
Calculate the highest common divisor of 148 and 4588.
148
Calculate the highest common factor of 23511 and 153.
51
What is the highest common divisor of 23 and 16537?
23
What is the greatest common divisor of 5 and 125?
5
Calculate the greatest common factor of 154 and 329.
7
Calculate the highest common divisor of 3344 and 64.
16
Calculate the highest common divisor of 36 and 396.
36
Calculate the greatest common divisor of 100 and 3800.
100
Calculate the highest common divisor of 16 and 3736.
8
What is the greatest common factor of 15195 and 30?
15
Calculate the highest common divisor of 1054 and 124.
62
Calculate the greatest common factor of 45 and 1035.
45
Calculate the highest common factor of 416 and 260.
52
Calculate the greatest common divisor of 67 and 37.
1
What is the greatest common factor of 1 and 47?
1
Calculate the highest common factor of 1397 and 11.
11
Calculate the highest common divisor of 18 and 8.
2
What is the greatest common divisor of 13835 and 10?
5
Calculate the greatest common factor of 266 and 190.
38
Calculate the highest common divisor of 72 and 204.
12
What is the highest common divisor of 11 and 1177?
11
Calculate the greatest common factor of 1188 and 1836.
108
Calculate the greatest common factor of 1927 and 141.
47
Calculate the highest common divisor of 4270 and 210.
70
Calculate the greatest common divisor of 630 and 7630.
70
What is the greatest common divisor of 6 and 1239?
3
What is the highest common divisor of 1088 and 64?
64
What is the highest common divisor of 4601 and 1177?
107
What is the greatest common factor of 1661 and 11?
11
What is the greatest common divisor of 74 and 2?
2
What is the greatest common divisor of 75 and 25?
25
What is the greatest common divisor of 36 and 1089?
9
Calculate the greatest common divisor of 69 and 2139.
69
Calculate the greatest common divisor of 27 and 855.
9
What is the highest common divisor of 209 and 627?
209
What is the greatest common factor of 522 and 36?
18
Calculate the greatest common divisor of 4268 and 97.
97
Calculate the highest common factor of 164 and 7954.
82
What is the greatest common factor of 324 and 3726?
162
Calculate the greatest common factor of 33993 and 54.
27
What is the highest common factor of 610 and 150?
10
Calculate the greatest common divisor of 1463 and 399.
133
Calculate the greatest common factor of 205 and 155.
5
Calculate the greatest common factor of 91 and 455.
91
Calculate the greatest common factor of 30 and 40.
10
What is the highest common factor of 77 and 99?
11
What is the highest common factor of 891 and 6399?
81
Calculate the greatest common factor of 595 and 2210.
85
Calculate the highest common factor of 24 and 1602.
6
What is the greatest common factor of 40 and 16?
8
What is the greatest common factor of 45 and 15?
15
What is the highest common divisor of 1220 and 140?
20
Calculate the greatest common factor of 305 and 45.
5
Calculate the highest common divisor of 24 and 9156.
12
What is the highest common divisor of 175 and 35?
35
Calculate the greatest common divisor of 46 and 46.
46
Calculate the greatest common factor of 2 and 50.
2
What is the highest commo